f 124888033.
3229, 38677
List the prime factors of 725605931.
601, 1207331
What are the prime factors of 20222688?
2, 3, 19, 11087
List the prime factors of 348025170.
2, 3, 5, 11600839
What are the prime factors of 559499762?
2, 279749881
What are the prime factors of 53992409?
353, 152953
List the prime factors of 4106860.
2, 5, 17, 47, 257
List the prime factors of 549307047.
3, 157, 1033, 1129
What are the prime factors of 77438280?
2, 3, 5, 61, 71, 149
List the prime factors of 77138317.
1453, 53089
What are the prime factors of 883715735?
5, 7, 73, 49411
What are the prime factors of 1283917062?
2, 3, 151, 389, 3643
What are the prime factors of 57484691?
11, 463, 11287
What are the prime factors of 27959344?
2, 7, 191, 1307
What are the prime factors of 7551857?
103, 157, 467
What are the prime factors of 1521191233?
14033, 108401
List the prime factors of 686525251.
5527, 124213
List the prime factors of 374637513.
3, 79, 179, 8831
List the prime factors of 56978476.
2, 47, 199, 1523
What are the prime factors of 175281699?
3, 58427233
List the prime factors of 120163895.
5, 907, 26497
What are the prime factors of 89361431?
1163, 76837
List the prime factors of 134866166.
2, 67433083
List the prime factors of 484553.
179, 2707
List the prime factors of 348285265.
5, 149, 467497
What are the prime factors of 177477945?
3, 5, 31, 381673
List the prime factors of 241664865.
3, 5, 13, 41, 167, 181
What are the prime factors of 50821226?
2, 25410613
List the prime factors of 308316001.
7, 44045143
List the prime factors of 1245239955.
3, 5, 19, 197, 7393
What are the prime factors of 5685665594?
2, 7, 406118971
List the prime factors of 25856590.
2, 5, 2585659
What are the prime factors of 10546432?
2, 13, 3169
What are the prime factors of 1058924433?
3, 7, 337, 149629
What are the prime factors of 204055057?
23, 173, 51283
What are the prime factors of 2073921630?
2, 3, 5, 11, 17, 19, 19457
List the prime factors of 2043975.
3, 5, 27253
What are the prime factors of 2493449842?
2, 13, 95901917
What are the prime factors of 778323363?
3, 2011, 129011
List the prime factors of 3039264698.
2, 887, 1713227
List the prime factors of 149825048.
2, 18728131
List the prime factors of 114629807.
114629807
List the prime factors of 18342077.
13, 108533
List the prime factors of 11556292.
2, 11, 262643
What are the prime factors of 49164506?
2, 24582253
What are the prime factors of 228806676?
2, 3, 7, 151, 859
What are the prime factors of 694000062?
2, 3, 7, 611993
List the prime factors of 43768974.
2, 3, 241, 30269
List the prime factors of 930313571.
11, 1031, 82031
List the prime factors of 40335578.
2, 29, 695441
List the prime factors of 949879929.
3, 2017, 156979
What are the prime factors of 280312964?
2, 70078241
What are the prime factors of 45808701?
3, 37, 139, 2969
What are the prime factors of 65290576?
2, 13, 313897
List the prime factors of 2624615194.
2, 28099, 46703
List the prime factors of 2009843680.
2, 5, 13, 966271
What are the prime factors of 18379342?
2, 31, 296441
What are the prime factors of 3456442110?
2, 3, 5, 11, 139, 75353
What are the prime factors of 3585031933?
7, 149, 317, 1549
List the prime factors of 2301969474.
2, 3, 7, 109, 167611
What are the prime factors of 4083413?
31, 157, 839
List the prime factors of 237295804.
2, 59323951
List the prime factors of 4793718.
2, 3, 47, 89, 191
What are the prime factors of 35404036?
2, 8851009
What are the prime factors of 54059099?
17, 53, 59999
List the prime factors of 577321224.
2, 3, 17, 163, 8681
What are the prime factors of 34656099?
3, 11552033
List the prime factors of 72313053.
3, 17, 41, 34583
List the prime factors of 295004264.
2, 17, 127597
What are the prime factors of 959606658?
2, 3, 53, 83, 12119
What are the prime factors of 34990293?
3, 13, 257, 3491
List the prime factors of 76828262.
2, 7, 173, 31721
List the prime factors of 42523445.
5, 1033, 8233
What are the prime factors of 159944068?
2, 39986017
List the prime factors of 6071082.
2, 3, 109, 9283
What are the prime factors of 838375450?
2, 5, 11, 1524319
What are the prime factors of 2188246340?
2, 5, 7, 19, 907
List the prime factors of 524355339.
3, 174785113
What are the prime factors of 13669401?
3, 4556467
What are the prime factors of 725295724?
2, 181323931
List the prime factors of 111421738.
2, 19, 2932151
List the prime factors of 2504741395.
5, 13, 2964191
List the prime factors of 6772964.
2, 11, 59, 2609
What are the prime factors of 10055370?
2, 3, 5, 13, 19, 23, 59
What are the prime factors of 327723295?
5, 65544659
What are the prime factors of 185023438?
2, 31, 397, 7517
What are the prime factors of 1016234232?
2, 3, 13, 3257161
List the prime factors of 870632322.
2, 3, 7, 17, 101, 12073
What are the prime factors of 94903046?
2, 7, 157, 43177
What are the prime factors of 3084314825?
5, 257, 480049
What are the prime factors of 23960564?
2, 41, 193, 757
What are the prime factors of 1078797667?
1078797667
List the prime factors of 159306447.
3, 53102149
List the prime factors of 16099439.
53, 179, 1697
What are the prime factors of 41162919?
3, 7, 29, 257, 263
What are the prime factors of 9484627?
2797, 3391
List the prime factors of 1886303696.
2, 117893981
List the prime factors of 170702539.
7, 647, 37691
List the prime factors of 178171138.
2, 7507, 11867
List the prime factors of 153427297.
153427297
List the prime factors of 289449613.
113, 191, 13411
List the prime factors of 150604649.
13, 17, 523, 1303
What are the prime factors of 535547888?
2, 71, 89, 5297
List the prime factors of 1293673297.
7, 184810471
What are the prime factors of 1278771331?
17, 277, 443, 613
List the prime factors of 127422652.
2, 7, 131, 34739
What are the prime factors of 923493533?
17, 827, 65687
What are the prime factors of 18060929?
269, 67141
List the prime factors of 22912071.
3, 7, 13, 23, 41, 89
What are the prime factors of 417641808?
2, 3, 8700871
List the prime factors of 709901546.
2, 354950773
What are the prime factors of 73012777?
73012777
What are the prime factors of 36020445?
3, 5, 79, 113, 269
List the prime factors of 144617754.
2, 3, 24102959
List the prime factors of 1100212198.
2, 550106099
What are the prime factors of 335265878?
2, 167632939
List the prime factors of 51387944.
2, 6423493
What are the prime factors of 91519593?
3, 11, 2773321
What are the prime factors of 432350834?
2, 17, 107, 118843
List the prime factors of 1853782037.
23, 47, 1249, 1373
What are the prime factors of 17351778?
2, 3, 2891963
What are the prime factors of 167405743?
167405743
What are the prime factors of 216621805?
5, 43324361
List the prime factors of 79174053.
3, 7, 179533
List the prime factors of 343964457.
3, 41, 932153
What are the prime factors of 6358155935?
5, 1271631187
What are the prime factors of 34403801?
17, 2023753
List the prime factors of 6353097202.
2, 42169, 75329
What are the prime factors of 1112677431?
3, 37, 10024121
What are the prime factors of 44482202?
2, 239, 93059
What are the prime factors of 11799252?
2, 3, 327757
List the prime factors of 109783929.
3, 36594643
What are the prime factors of 65218104?
2, 3, 7, 129401
What are the prime factors of 123510545?
5, 19, 1300111
List the prime factors of 177768152.
2, 61, 67, 5437
List the prime factors of 142555371.
3, 7, 47, 97, 1489
What are the prime factors of 295802492?
2, 73950623
What are the prime factors of 70594830?
2, 3, 5, 784387
List the prime factors of 1755922356.
2, 3, 48775621
What are the prime factors of 45163077?
3, 307, 49037
What are the prime factors of 89002154?
2, 44501077
What are the prime factors of 763279046?
2, 381639523
List the prime factors of 12336571.
13, 29, 43, 761
List the prime factors of 85502763.
3, 3166769
What are the prime factors of 60395948?
2, 15098987
List the prime factors of 2121566951.
7, 1321, 229433
What are the prime factors of 3530058631?
11, 41, 109, 71809
What are the prime factors of 6912522?
2, 3, 384029
What are the prime factors of 59482097?
409, 145433
What are the prime factors of 4097663628?
2, 3, 619, 551651
What are the prime factors of 58205534?
2, 29102767
List the prime factors of 1274881636.
2, 7, 73, 623719
What are the pr